et a(m) = -3*m**2 + 3*m + 11. Determine a(-3).
-25
Let o(f) = -68*f**2 + 13*f + 31. Give o(-2).
-267
Let p(w) = -469*w**3 + 2*w**2 - 4*w - 7. Give p(-1).
468
Let a(j) = -j**2 + 19*j + 29. Calculate a(19).
29
Let d(l) = 2*l**2 + 35*l + 126. What is d(-5)?
1
Let g(y) = 637*y - 10829. Determine g(17).
0
Let z(t) = -t**3 + 8*t**2 + 25*t + 4. What is z(-2)?
-6
Let t(o) = -2*o**3 + 27*o**2 - 38*o + 21. Give t(12).
-3
Let j(q) = 1662*q + 9952. What is j(-6)?
-20
Let t(g) = 2*g**2 - 55*g + 38. Give t(26).
-40
Let p(y) = 9*y**2 - 146*y + 38. Calculate p(16).
6
Let l(p) = -p**3 - 3*p**2 + 410*p - 193. Calculate l(-22).
-17
Let g(c) = -752*c + 2247. Determine g(3).
-9
Let y(u) = -10*u**2 + 17*u + 81. Give y(-3).
-60
Let h(z) = z**3 + 30*z**2 + 70*z - 40. Give h(-3).
-7
Let x(j) = 434*j - 3467. What is x(8)?
5
Let q(h) = -260*h - 1676. Give q(-7).
144
Let b(l) = -164*l - 9348. Determine b(-57).
0
Let p(x) = 137*x + 159. Give p(-1).
22
Let m(r) = 4*r**2 - 4*r - 31. Determine m(0).
-31
Let j(s) = 2*s**3 + 51*s**2 + 27*s + 46. What is j(-25)?
-4
Let m(j) = 197*j + 37240. What is m(-189)?
7
Let g(u) = -200*u - 10606. Give g(-53).
-6
Let k(o) = -o**3 + 24*o**2 + 19*o + 230. What is k(25)?
80
Let g(j) = -j - 23. Give g(-43).
20
Let u(k) = 103*k - 7938. What is u(77)?
-7
Let u(r) = 16*r**2 - 1661*r - 317. Determine u(104).
-5
Let v(p) = 74*p**3 + 2*p**2 + 28*p + 27. Calculate v(-1).
-73
Let f(i) = -1947*i - 3944. What is f(-2)?
-50
Let h(a) = -a**3 + 76*a**2 - 358*a + 234. Give h(71).
21
Let s(y) = -3*y**2 + 42*y + 44. Give s(15).
-1
Let o(u) = -u**3 + 12*u**2 + 33*u + 18. Give o(14).
88
Let r(h) = 25*h + 714. Calculate r(-13).
389
Let u(a) = 1218*a - 18273. Determine u(15).
-3
Let t(i) = -i**2 + 22*i - 45. Give t(9).
72
Let v(s) = -58*s - 2237. Give v(-40).
83
Let t(y) = -y**2 + 3*y + 11. Give t(6).
-7
Let n(r) = 12500*r + 49975. Give n(-4).
-25
Let b(i) = -i**3 - 25*i**2 - 9*i + 376. Determine b(-24).
16
Let v(i) = 3*i**2 + 56*i + 120. Calculate v(-2).
20
Let n(m) = -m**3 + 6*m**2 - 2*m + 52. Give n(7).
-11
Let r(j) = -j**3 + 5*j**2 - 19*j + 68. Give r(4).
8
Let f(p) = -2*p**2 + 35*p + 118. Calculate f(20).
18
Let b(k) = k**3 - 7*k**2 - 20*k + 10. Calculate b(9).
-8
Let j(z) = -z**3 + 8*z**2 - 23*z + 78. Calculate j(8).
-106
Let w(c) = -c**3 + 10*c**2 - 17*c + 118. Give w(10).
-52
Let h(s) = -s**3 - 44*s**2 - 42*s + 21. Calculate h(-43).
-22
Let w(d) = d**2 + 74*d - 2486. Give w(25).
-11
Let a(q) = -991*q + 40635. Give a(41).
4
Let y(c) = -20*c**3 + 139*c**2 + 10*c - 6. What is y(7)?
15
Let w(i) = 9*i**2 - 3001*i + 10234. Calculate w(330).
4
Let q(x) = -x**3 + 10*x**2 + 47*x + 35. Give q(-2).
-11
Let x(g) = -152*g - 117. Determine x(-1).
35
Let j(y) = 2*y**2 - 13*y - 91. What is j(11)?
8
Let t(n) = -n**3 - 52*n**2 - 88*n + 166. Determine t(-50).
-434
Let b(u) = -u**3 + 32*u**2 - 136*u + 89. What is b(27)?
62
Let g(s) = 12*s + 621. Give g(-65).
-159
Let z(n) = -2*n**3 - 4*n**2 + 9*n - 3. Determine z(0).
-3
Let w(n) = -176*n**2. Calculate w(1).
-176
Let w(f) = f**3 - 8*f**2 - 29*f + 114. Give w(4).
-66
Let j(v) = -10*v**3 - 930*v**2 + 60. What is j(-93)?
60
Let t(p) = 2*p**2 - 219*p + 5975. What is t(50)?
25
Let h(a) = -a**3 + 15*a**2 + 30*a - 50. Give h(16).
174
Let w(l) = -2*l**2 - 1125*l + 11457. Give w(10).
7
Let i(m) = -m**3 + 11*m**2 - 187. Determine i(8).
5
Let x(h) = -h**3 + 2*h**2 + 17*h - 18. Determine x(0).
-18
Let r(g) = 772*g + 16978. Calculate r(-22).
-6
Let l(n) = 363*n - 9783. Determine l(27).
18
Let x(q) = -552*q + 3856. What is x(7)?
-8
Let u(q) = -7*q**3 + 11*q**2 + 25*q + 53. What is u(6)?
-913
Let l(v) = 2*v**3 - 23*v**2 + 148*v - 1511. Determine l(11).
-4
Let x(t) = -t**3 + 11*t**2 + 8*t + 32. Give x(12).
-16
Let x(z) = -5*z**3 + 48*z**2 + 3*z + 190. Determine x(10).
20
Let a(t) = t**3 + 27*t**2 - 88*t - 431. Calculate a(-30).
-491
Let p(d) = 4*d**3 + 2*d**2 + 6*d + 19. Give p(-3).
-89
Let r(o) = -o**2 + 47*o - 530. Calculate r(20).
10
Let g(p) = p**3 - 22*p**2 - p - 67. Calculate g(22).
-89
Let d(z) = -17*z + 501. Determine d(45).
-264
Let r(l) = 1981*l + 49555. Determine r(-25).
30
Let w(p) = -24*p + 82. Determine w(2).
34
Let o(k) = 11*k**2 - 4*k - 6. Give o(-4).
186
Let s(u) = -74*u - 1677. Calculate s(-23).
25
Let s(o) = -124*o**3 - 743*o**2 + 10*o + 5. Give s(-6).
-19
Let o(m) = -2*m**3 + 42*m**2 - 35*m + 37. Calculate o(20).
137
Let o(l) = 4*l**2 - 233*l - 129. Determine o(59).
48
Let x(m) = m**3 + 4*m**2 + 213*m + 1855. Determine x(-8).
-105
Let h(b) = b**3 + 4*b**2 + 42*b + 247. Give h(-5).
12
Let f(m) = -m**3 - 11*m**2 - 20. What is f(-11)?
-20
Let b(f) = 2*f**3 + 19*f**2 + 8*f - 24. Calculate b(-8).
104
Let a(y) = 2*y**3 - 39*y**2 + 16*y - 6. Determine a(19).
-63
Let l(u) = 140*u - 26731. Calculate l(191).
9
Let g(y) = -433*y + 864. What is g(2)?
-2
Let z(a) = 6*a**3 - 50*a**2 + 13*a - 86. What is z(8)?
-110
Let a(i) = 819*i - 235880. Determine a(288).
-8
Let f(a) = -a**3 + 50*a**2 - 93*a - 149. Determine f(48).
-5
Let q(w) = 2*w**3 + 188*w**2 - 191*w - 98. What is q(-95)?
-3
Let x(y) = 122*y + 741. Calculate x(-6).
9
Let v(c) = -33*c - 727. Give v(-23).
32
Let a(r) = -5141*r - 30855. Give a(-6).
-9
Let q(v) = -961*v + 81686. Give q(85).
1
Let i(o) = 6*o**2 + 117*o - 50. Calculate i(-20).
10
Let l(m) = -4*m**2 - 7*m - 5. Calculate l(-2).
-7
Let k(r) = 8*r + 431. Give k(-55).
-9
Let c(w) = 2*w**3 + 16*w**2 + 11*w + 101. Determine c(-8).
13
Let o(t) = -71*t - 2629. Give o(-37).
-2
Let f(i) = -2*i**3 - 10*i**2 + 13*i - 1. Give f(-6).
-7
Let u(m) = -m**2 + 67*m + 366. Calculate u(-5).
6
Let c(l) = l**3 - 34*l**2 + 450*l - 12360. Calculate c(32).
-8
Let o(x) = 186*x + 5214. Determine o(-28).
6
Let a(b) = 33*b - 305. What is a(9)?
-8
Let l(s) = 24*s**2 + 14*s. Calculate l(-3).
174
Let r(z) = -706*z - 1413. What is r(-2)?
-1
Let j(a) = 12*a - 13. Give j(15).
167
Let f(h) = h**3 + 85*h**2 - 548*h - 186. Give f(-91).
-4
Let l(q) = 36*q**2 - 118*q + 4. Determine l(3).
-26
Let l(c) = 84*c - 12686. Give l(151).
-2
Let r(j) = 2*j**3 + 44*j**2 + 18*j - 2. Give r(-22).
-398
Let u(t) = -184*t - 91. Determine u(0).
-91
Let o(h) = 57*h + 771. Calculate o(-34).
-1167
Let k(y) = -722*y + 9473. What is k(13)?
87
Let r(b) = 238*b - 13280. Determine r(56).
48
Let o(n) = 125*n + 508. Give o(-4).
8
Let c(p) = p**3 + 43*p**2 + 291*p + 393. What is c(-35)?
8
Let z(k) = -4*k**2 - 12*k - 40. Determine z(-4).
-56
Let w(u) = 57*u - 352. What is w(7)?
47
Let c(q) = q**2 - 17*q - 64. Determine c(18).
-46
Let n(z) = -z**3 - 2*z**2 - 174*z - 349. What is n(-2)?
-1
Let w(l) = -17*l**2 + 27*l + 2. Determine w(-1).
-42
Let o(b) = -b**2 + 43*b + 3185. Calculate o(-39).
-13
Let q(x) = 6*x**2 + 6*x + 4. Determine q(-5).
124
Let t(p) = 6635*p + 79620. Give t(-12).
0
Let m(d) = 172*d - 31140. Determine m(181).
-8
Let r(k) = k**2 + 6*k + 65. What is r(-9)?
92
Let m(p) = -p**2 + 34*p + 286. Determine m(-7).
-1
Let f(b) = 714*b - 725. What is f(1)?
-11
Let m(c) = -115*c - 801. What is m(-7)?
4
Let r(u) = -u**3 - 13*u**2 - 38*u - 72. What is r(-10)?
8
Let d(a) = -a**2 + 111*a - 643. Give d(6).
-13
Let o(j) = -13166*j - 144820. Calculate o(-11).
6
Let f(h) = -19*h - 414. Calculate f(-17).
-91
Let f(p) = 18*p - 1086. What is f(60)?
-6
Let l(z) = -2*z**3 - 21*z**2 - 14*z + 42. Give l(-10).
82
Let r(j) = -j**3 + 11*j**2 - 14*j + 23. Calculate r(10).
-17
Let g(s) = 405*s + 2650. Give g(-6).
220
Let t(d) = 18*d - 589. Give t(35).
41
Let m(o) = -10*o**2 + 31*o + 11. Determine m(5).
-84
Let b(j) = 36*j**2 - 198*j + 197. Calculate b(1).
35
Let p(h) = 228*h + 2349. What is p(-10)?
69
Let s(t) = -222*t**2 + 542*t + 543. Determine s(-1).
-221
Let l(k) = -5*k - 108. Give l(-22).
2
Let s(j) = -2100*j - 52498. What is s(-25)?
2
Let s(i) = -91*i - 1633. Determine s(-18).
5
Let z(o) = 29*o - 1032. What is z(36)?
12
Let i(b) = -3*b**3 - 11*b**2 + 7*b + 12. What is i(5)?
-603
Let t(z) = -19*z**3 + 3*z**2 - 7*z + 3. Determine t(2).
-151
Let a(i) = -46*i + 98. Calculate a(3).
-40
Let i(c) = 8*c**3 - 19*c**2 + 5*c + 9. Give i(1).
3
Let r(j) = j**3 - 139*j**2 + 364*j - 12334. Give r(137).
-4
Let x(w) = 356*w + 1446. Determine x(-4).
22
Let a(n) = -3*n**2 - 47*n - 2. What is a(-15)?
28
Let b(n) = -4*n**3 + 110*n**2 + 42*n + 392. Give b(28).
0
Let m(p) = 2*p**2 - 147*p + 2541. Calculate m(27).
3